 77?
11
Calculate the greatest common factor of 315073094 and 14.
14
Calculate the highest common divisor of 26284649 and 4.
1
What is the greatest common divisor of 4805760 and 17280?
1920
Calculate the highest common factor of 1120 and 3406720.
160
What is the highest common factor of 451997612 and 22?
22
Calculate the highest common divisor of 45172 and 1058.
46
What is the highest common divisor of 121376 and 2792?
8
Calculate the greatest common divisor of 60090042 and 46791.
5199
What is the greatest common factor of 13932905 and 545635?
7685
What is the highest common divisor of 42788672 and 22?
2
What is the greatest common factor of 6750 and 266544?
54
What is the highest common divisor of 3346662 and 330?
66
Calculate the highest common divisor of 10700 and 9124.
4
Calculate the highest common factor of 176 and 3281120.
16
What is the greatest common factor of 9512425 and 200?
25
Calculate the highest common factor of 5688036 and 648.
108
Calculate the highest common factor of 980707264 and 1264.
1264
Calculate the highest common divisor of 1113210 and 368125.
2945
What is the greatest common divisor of 340833966 and 154?
22
What is the greatest common factor of 11983535 and 139565?
515
Calculate the highest common divisor of 11019594 and 3132.
174
Calculate the greatest common factor of 2621316 and 6840.
228
What is the highest common factor of 7209 and 2637603?
81
What is the greatest common factor of 1593 and 91521803?
59
What is the greatest common divisor of 13 and 28745275?
13
Calculate the highest common factor of 3437129 and 14894.
677
Calculate the greatest common factor of 85842436 and 116.
116
Calculate the highest common divisor of 372762 and 3582.
18
What is the greatest common divisor of 717713 and 2752?
43
Calculate the greatest common divisor of 58238 and 6031.
37
Calculate the greatest common divisor of 221 and 2113995.
13
Calculate the greatest common factor of 13232576 and 896.
448
Calculate the highest common divisor of 43933092 and 12.
12
Calculate the greatest common divisor of 7029354 and 33.
3
What is the highest common divisor of 227601 and 3597?
33
What is the highest common factor of 21 and 13137194?
7
What is the greatest common factor of 14487 and 1226478?
33
Calculate the greatest common factor of 3120 and 121952064.
624
What is the highest common divisor of 112552240 and 1360?
1360
What is the highest common factor of 3264426 and 84?
6
What is the greatest common factor of 5207 and 190691?
41
What is the greatest common factor of 139626242 and 1687?
1687
What is the greatest common factor of 1092 and 16462719?
273
Calculate the greatest common factor of 2585470 and 564.
94
Calculate the greatest common divisor of 3916 and 35273548.
356
Calculate the greatest common divisor of 79384306 and 284450.
11378
Calculate the highest common divisor of 103914116 and 38.
38
Calculate the greatest common divisor of 1 and 1897537.
1
What is the highest common factor of 338750 and 152500?
1250
Calculate the highest common factor of 6328240 and 320.
80
What is the highest common factor of 8638 and 458647567?
4319
What is the greatest common divisor of 678201 and 621?
69
Calculate the highest common divisor of 37105670 and 644.
322
Calculate the greatest common factor of 376 and 20588.
4
Calculate the greatest common divisor of 52226448 and 15312.
1392
What is the greatest common divisor of 495 and 5396094?
99
What is the highest common divisor of 60744 and 290760?
24
What is the greatest common factor of 1430 and 243150050?
1430
What is the greatest common factor of 78 and 392613?
39
Calculate the greatest common factor of 40387494 and 420.
42
What is the greatest common divisor of 14418 and 39249?
801
Calculate the highest common divisor of 711410 and 630.
70
Calculate the greatest common divisor of 26 and 334318.
2
Calculate the greatest common divisor of 118 and 258007.
59
Calculate the greatest common divisor of 923 and 1531399.
71
What is the highest common factor of 18208 and 1178854200?
4552
Calculate the greatest common factor of 8683856 and 64.
16
Calculate the greatest common divisor of 3956 and 1884.
4
What is the greatest common factor of 68 and 1502895846?
34
What is the greatest common divisor of 20 and 4546205?
5
Calculate the greatest common factor of 3884685 and 20055.
105
What is the greatest common factor of 71336166 and 66?
66
Calculate the greatest common factor of 797363 and 2576.
7
Calculate the greatest common factor of 3790 and 208542855.
1895
Calculate the highest common divisor of 117224364 and 2064.
516
What is the greatest common divisor of 589244944 and 176?
16
Calculate the greatest common divisor of 66 and 10130945.
11
What is the greatest common divisor of 3597 and 2424176568?
3597
What is the highest common factor of 7 and 2614423?
7
Calculate the highest common divisor of 144915482 and 9002.
1286
Calculate the highest common factor of 161 and 3469158.
7
What is the greatest common factor of 1869 and 70581?
21
What is the highest common factor of 106 and 11599278?
2
Calculate the highest common factor of 214 and 254631431.
107
What is the highest common divisor of 2914 and 120629401?
1457
Calculate the greatest common factor of 22 and 3213.
1
What is the highest common divisor of 31089210 and 390?
30
Calculate the greatest common divisor of 1080 and 22335.
15
Calculate the greatest common divisor of 846 and 294831.
423
Calculate the greatest common factor of 2952 and 10221804.
36
Calculate the highest common factor of 91203345 and 585.
45
Calculate the greatest common factor of 10458975 and 148.
37
What is the highest common divisor of 602 and 201945114?
602
Calculate the highest common divisor of 29820 and 7925730.
2130
What is the greatest common divisor of 6203268 and 1332?
36
Calculate the greatest common divisor of 37719 and 58509.
297
Calculate the highest common divisor of 1852437987 and 18.
9
Calculate the highest common factor of 260 and 23471214.
26
Calculate the highest common divisor of 101213 and 196574.
133
What is the greatest common divisor of 194 and 5443931?
97
Calculate the highest common factor of 21 and 30480079.
7
Calculate the highest common factor of 1068 and 29732.
4
Calculate the greatest common factor of 12372438 and 24.
6
Calculate the highest common divisor of 1050 and 99423100.
350
What is the greatest common divisor of 2008 and 628632?
8
Calculate the highest common factor of 8409755 and 15.
5
Calculate the highest common factor of 60 and 1194337540.
20
Calculate the greatest common divisor of 446616 and 15528.
24
What is the highest common divisor of 42893 and 18467?
59
What is the highest common divisor of 118 and 11122798?
118
What is the greatest common divisor of 3045080 and 32?
8
Calculate the greatest common divisor of 42 and 1133213340.
42
What is the greatest common divisor of 10981267 and 7733?
407
What is the highest common factor of 275192 and 69858496?
6712
What is the greatest common factor of 90977886 and 108?
18
Calculate the greatest common factor of 8954 and 8779518.
242
What is the highest common divisor of 481 and 7825064?
13
Calculate the greatest common divisor of 8732633 and 25480.
637
Calculate the greatest common factor of 4654398 and 1806.
42
Calculate the highest common divisor of 5805 and 2837570.
215
Calculate the highest common factor of 1060 and 26104090.
530
What is the highest common divisor of 942 and 661755?
471
What is the highest common factor of 772 and 12051113?
193
What is the greatest common divisor of 116160 and 28545?
165
Calculate the highest common factor of 6392 and 1976896.
136
What is the highest common divisor of 171506 and 97440?
58
Calculate the greatest common factor of 1358872627 and 2881.
2881
What is the greatest common divisor of 8 and 42439?
1
Calculate the greatest common divisor of 5336 and 19334329.
667
What is the highest common factor of 92919 and 230650?
659
Calculate the highest common factor of 474090 and 1275.
15
What is the greatest common factor of 2501304 and 390?
78
Calculate the greatest common factor of 6852432 and 528.
48
What is the greatest common factor of 308620 and 181480?
260
What is the highest common factor of 88020408 and 357?
21
Calculate the greatest common divisor of